
-6a147
In base 11, what is 6 - 27624?
-27619
In base 6, what is -151 + 1543?
1352
In base 8, what is 24 + -6454?
-6430
In base 9, what is -35211 + -15?
-35226
In base 11, what is 125916 + -3?
125913
In base 4, what is -103000 + -1013?
-110013
In base 15, what is -4 + 946a3?
9469e
In base 10, what is -219 - 644?
-863
In base 7, what is 35 + 11061?
11126
In base 2, what is -1 - -10101010101010?
10101010101001
In base 3, what is 210 - 102011210110?
-102011202200
In base 16, what is -55 + -5f5?
-64a
In base 2, what is 0 - 101000001001111011?
-101000001001111011
In base 9, what is 76146 + 3?
76150
In base 15, what is 53 + 266?
2b9
In base 8, what is -2 - 6531?
-6533
In base 4, what is -1012002123 + -1?
-1012002130
In base 4, what is 10111 - -23231?
100002
In base 3, what is 2 + 22121202221?
22121210000
In base 10, what is -3 + -41856?
-41859
In base 8, what is 52 + 62460?
62532
In base 2, what is 1110010000110101 - 0?
1110010000110101
In base 16, what is -2e - 33da?
-3408
In base 10, what is -976830 - 0?
-976830
In base 15, what is -5d - 4e1?
-54e
In base 11, what is -3 - 119a1?
-119a4
In base 13, what is -16ca + -5ca?
-1cc7
In base 3, what is 110122210100 - -2?
110122210102
In base 4, what is 22213 + 1301?
30120
In base 9, what is 0 - -587417?
587417
In base 8, what is -370 + 262?
-106
In base 12, what is -6302 + -1?
-6303
In base 13, what is 1a + c8b7?
c904
In base 8, what is -67004 + -3?
-67007
In base 2, what is 100100111001 + 100001?
100101011010
In base 9, what is 61530 - -1?
61531
In base 2, what is 11111001101 + -10010?
11110111011
In base 4, what is 1310233 - -200?
1311033
In base 5, what is -3 - 1242242?
-1242300
In base 5, what is 12 - -1314430?
1314442
In base 14, what is 19 + -13a9?
-1390
In base 3, what is 220 + -1101101122?
-1101100202
In base 8, what is -5 + -272571?
-272576
In base 7, what is 1042 - 1124?
-52
In base 10, what is -997 - -28?
-969
In base 7, what is 324 + -2433?
-2106
In base 12, what is 37736 + -4?
37732
In base 3, what is -12 - 200102001101?
-200102001120
In base 4, what is -2 - -1011211331?
1011211323
In base 7, what is 2 + -425554?
-425552
In base 16, what is 0 + 743a?
743a
In base 15, what is 7c1 + 9?
7ca
In base 6, what is 2255 - -101?
2400
In base 8, what is 20761 - -5?
20766
In base 6, what is 10 + -23311230?
-23311220
In base 16, what is -1b77 + 4?
-1b73
In base 6, what is 2 + 1355530?
1355532
In base 14, what is -503a87 - -5?
-503a82
In base 15, what is -3 - -72385?
72382
In base 7, what is 0 - 3000616?
-3000616
In base 12, what is -7 + 6b385?
6b37a
In base 4, what is 223231 + 221?
230112
In base 13, what is -93c - -9?
-933
In base 3, what is 121111012012 - -20?
121111012102
In base 11, what is 4 - -27550?
27554
In base 8, what is 1177 + 12?
1211
In base 7, what is -302620 - -116?
-302501
In base 12, what is -1 - -255b13?
255b12
In base 15, what is -23 + -13c43?
-13c66
In base 5, what is -104403 - 141?
-110044
In base 12, what is -1 - 44260?
-44261
In base 3, what is 210202210200 + -2?
210202210121
In base 8, what is -11 + -5001?
-5012
In base 14, what is -b8 + 485?
3ab
In base 11, what is -30497 - -12?
-30485
In base 10, what is 961 + -4?
957
In base 16, what is -37f - -1ce?
-1b1
In base 8, what is -5 - 65276?
-65303
In base 5, what is 434 + -1100?
-111
In base 2, what is -100 - -100000111001010001010?
100000111001010000110
In base 9, what is 1763 + 3?
1766
In base 11, what is 1890 + 110?
19a0
In base 12, what is -1047 + -402?
-1449
In base 8, what is 11360 - -4?
11364
In base 6, what is -13010210 + -2?
-13010212
In base 9, what is 3 + 27568?
27572
In base 16, what is -6efc + 4?
-6ef8
In base 3, what is 0 - -210111012?
210111012
In base 8, what is 2214 - -1?
2215
In base 7, what is -552 + 2244?
1362
In base 14, what is d8d18 - 1?
d8d17
In base 14, what is -5 + -56240?
-56245
In base 5, what is 4134 - 33?
4101
In base 7, what is -146 - -1302?
1123
In base 12, what is 76062 + 1?
76063
In base 12, what is -141 + 42b4?
4173
In base 12, what is 369 + -5?
364
In base 5, what is -23 + -2202022?
-2202100
In base 8, what is 1674 + 110?
2004
In base 7, what is 6255436 + -3?
6255433
In base 6, what is -23253 + 242?
-23011
In base 11, what is 26822 - 4?
26819
In base 5, what is 313112 + 14?
313131
In base 10, what is 0 + 237473?
237473
In base 10, what is 10600412 - 2?
10600410
In base 13, what is -2 + -2c4b?
-2c50
In base 16, what is 10e2d - -2?
10e2f
In base 9, what is -1381280 - -1?
-1381278
In base 14, what is 29aa5 + -3?
29aa2
In base 2, what is 101000 - -100111101?
101100101
In base 4, what is 131231312 + 12?
131231330
In base 8, what is 4 - -14777?
15003
In base 6, what is -14533040 - -3?
-14533033
In base 16, what is 1 - -48d0?
48d1
In base 9, what is 131301 - 3?
131287
In base 4, what is 1232330 + 331?
1233321
In base 2, what is -101 - -100001100110111?
100001100110010
In base 7, what is 2400 + -31?
2336
In base 5, what is 2 - 201321?
-201314
In base 8, what is 10 - -3344?
3354
In base 11, what is 6a2 + 3?
6a5
In base 3, what is -20 - 101110210?
-101111000
In base 14, what is -1c + 7a?
5c
In base 14, what is -6 - 1a970?
-1a976
In base 15, what is -550b93 + 2?
-550b91
In base 9, what is 2066 - 6622?
-4545
In base 11, what is -1588329 + 5?
-1588324
In base 2, what is -1001 + -1000110110011100?
-1000110110100101
In base 15, what is -8da4 - 2?
-8da6
In base 9, what is -248 + 4432?
4173
In base 16, what is 4f5 - -7b?
570
In base 10, what is 1911 - 1512?
399
In base 13, what is -6516 + -3?
-6519
In base 16, what is -5 + 163d?
1638
In base 14, what is -17d70 - -2?
-17d6c
In base 9, what is 1187 + 1350?
2547
In base 10, what is -7464 + -5?
-7469
In base 13, what is -3 + 719b5?
719b2
In base 14, what is a77 + -11?
a66
In base 14, what is -4 - 12a7a3?
-12a7a7
In base 8, what is -5 + -310047?
-310054
In base 3, what is 0 + 2101200?
2101200
In base 11, what is 827 - -18?
844
In base 3, what is -1012021 + -122?
-1012220
In base 13, what is 11 - 61237?
-61226
In base 2, what is 10 - -10110111111?
10111000001
In base 15, what is -d0 - -1c38?
1b58
In base 3, what is -1220 + -11000002222?
-11000011212
In base 11, what is -3766 - -3a?
-3727
In base 13, what is 9b6 - 22?
994
In base 9, what is 7 - 75374?
-75366
In base 9, what is 1715 - -114?
1830
In base 10, what is 7468 + -4?
7464
In base 2, what is 1001110111000000100100 + 1?
1001110111000000100101
In base 16, what is -5 - -5782?
577d
In base 12, what is -5 - -454306?
454301
In base 5, what is 2 - 242201?
-242144
In base 5, what is 123304 + 144?
124003
In base 11, what is 5 - -51a4?
51a9
In base 4, what is -2 - 1222131?
-1222133
In base 15, what is -5 + b4b2?
b4ac
In base 14, what is 1 - c901?
-c900
In base 7, what is -12 - 3342611?
-3342623
In base 5, what is -14 - 1031242?
-1031311
In base 8, what is -737272 + 4?
-737266
In base 12, what is 9 + -11b6?
-11a9
In base 14, what is -18 - -850?
836
In base 6, what is 2 - -1131110?
1131112
In base 15, what is -6 + 33b3?
33ac
In base 2, what is 100 - -10101111011?
10101111111
In base 14, what is -3 + acd68?
acd65
In base 6, what is 12111330 - -13?
12111343
In base 7, what is 14312 + 2?
14314
In base 10, what is 703 - 56?
647
In base 8, what is -636145 + 1?
-636144
In base 9, what is 203 + 15516?
15720
In base 9, what is 58740 + 5?
58745
In base 12, what is 1a + 2681a?
26838
In base 11, what is -4 - 290693?
-290697
In base 13, what is 110 + -9?
104
In base 9, what is -173 + 271?
87
In base 4, what is 110001330 + 113?
110002103
In base 2, what is -101010 - 1010000111100?
-1010001100110
In base 2, what is -11000110000 + -1010?
-11000111010
In base 14, what is -11bc6 + 16?
-11bb0
In base 16, what is -62 - 347d?
-34df
In base 7, what is 141562 - 2?
141560
In base 12, what is 8504 + -183?
8341
In base 6, what is -14 + 3553?
3535
In base 13, what is 637b - 72?
6309
In base 9, what is 158166 + 1?
158167
In base 6, what is 22 - -40153?
40215
In base 7, what is -5 + -126241?
-126246
In base 5, what is -4 - 342141?
-342200
In base 2, what is -110000110 + -100110001?
-1010110111
In base 15, what is 4d + -1227?
-11c9
In base 7, what is -4 - 1326?
-1333
In base 16, what is 57 - -47f?
4d6
In base 4, what is 103101301 + 1?
103101302
In base 5, what is 3214242 - 13?
3214224
In base 14, what is -29 + b1b?
ad2
In base 5, what is 2322132333 + 1